{"id":1158,"date":"2023-01-10T19:58:05","date_gmt":"2023-01-10T18:58:05","guid":{"rendered":"https:\/\/aarhusstrandjagtforening.dk\/?page_id=1158"},"modified":"2025-10-29T17:44:34","modified_gmt":"2025-10-29T16:44:34","slug":"aaben-baad-hver-sommer","status":"publish","type":"page","link":"https:\/\/aarhusstrandjagtforening.dk\/?page_id=1158","title":{"rendered":"\u00c5ben b\u00e5d hver sommer"},"content":{"rendered":"\n<p>Hver sommer i august afholder vi \u00e5ben b\u00e5d i samarbejde med ASMK. Det afholdes p\u00e5 p\u00e5 jagtbroen lige f\u00f8r tr\u00e6skibshavnen i Aarhus.<\/p>\n\n\n\n<p>Her har man mulighed for at m\u00f8de havj\u00e6gere og deres b\u00e5de og f\u00e5 en snak om livet p\u00e5 havet og snuse til evt. medlemsskab.<\/p>\n\n\n\n<p>Der vil v\u00e6re grillp\u00f8lser og \u00f8l\/vand.<\/p>\n\n\n\n<p>Hold \u00f8je med siden her for dato.<\/p>\n","protected":false},"excerpt":{"rendered":"<p>Hver sommer i august afholder vi \u00e5ben b\u00e5d i samarbejde med ASMK. Det afholdes p\u00e5 p\u00e5 jagtbroen lige f\u00f8r tr\u00e6skibshavnen i Aarhus. Her har man mulighed for at m\u00f8de havj\u00e6gere og deres b\u00e5de og f\u00e5 en snak om livet p\u00e5 &hellip; <a href=\"https:\/\/aarhusstrandjagtforening.dk\/?page_id=1158\">L\u00e6s resten <span class=\"meta-nav\">&rarr;<\/span><\/a><\/p>\n","protected":false},"author":10,"featured_media":0,"parent":11,"menu_order":0,"comment_status":"closed","ping_status":"closed","template":"","meta":{"footnotes":""},"class_list":["post-1158","page","type-page","status-publish","hentry"],"_links":{"self":[{"href":"https:\/\/aarhusstrandjagtforening.dk\/index.php?rest_route=\/wp\/v2\/pages\/1158","targetHints":{"allow":["GET"]}}],"collection":[{"href":"https:\/\/aarhusstrandjagtforening.dk\/index.php?rest_route=\/wp\/v2\/pages"}],"about":[{"href":"https:\/\/aarhusstrandjagtforening.dk\/index.php?rest_route=\/wp\/v2\/types\/page"}],"author":[{"embeddable":true,"href":"https:\/\/aarhusstrandjagtforening.dk\/index.php?rest_route=\/wp\/v2\/users\/10"}],"replies":[{"embeddable":true,"href":"https:\/\/aarhusstrandjagtforening.dk\/index.php?rest_route=%2Fwp%2Fv2%2Fcomments&post=1158"}],"version-history":[{"count":2,"href":"https:\/\/aarhusstrandjagtforening.dk\/index.php?rest_route=\/wp\/v2\/pages\/1158\/revisions"}],"predecessor-version":[{"id":1328,"href":"https:\/\/aarhusstrandjagtforening.dk\/index.php?rest_route=\/wp\/v2\/pages\/1158\/revisions\/1328"}],"up":[{"embeddable":true,"href":"https:\/\/aarhusstrandjagtforening.dk\/index.php?rest_route=\/wp\/v2\/pages\/11"}],"wp:attachment":[{"href":"https:\/\/aarhusstrandjagtforening.dk\/index.php?rest_route=%2Fwp%2Fv2%2Fmedia&parent=1158"}],"curies":[{"name":"wp","href":"https:\/\/api.w.org\/{rel}","templated":true}]}}